the prime factors of y?
59
Suppose 4*s + 188 - 880 = 0. List the prime factors of s.
173
Let p be (147 + -1)/(-3 - -5). Let x be 4829/(-99) + 4/(-18). Let z = x + p. What are the prime factors of z?
2, 3
Let u(q) be the second derivative of q**3/3 + 10*q**2 - 5*q. Let a be u(-7). List the prime factors of (-262)/(-6) + 2/a.
2, 11
Let f = -10 - -14. Suppose -6*u - 2*j + 92 = -u, -2*u + 32 = -f*j. Let c = u - -8. What are the prime factors of c?
2, 13
Let u = -239 - -467. Suppose -4*i = -u + 80. What are the prime factors of i?
37
Let j(m) = -3*m + 9. Let n be j(-6). Suppose 0 = 2*h - 55 - n. List the prime factors of h.
41
Suppose 3*s - 1306 - 827 = 0. Suppose s = 16*m - 2201. What are the prime factors of m?
2, 7, 13
Suppose 9*s = 29 + 25. What are the prime factors of (-59)/(-2) + 3/s?
2, 3, 5
Suppose 22 - 2 = 5*h. Let s(m) = -m**2 - 6*m. Let y be s(-6). Suppose y = -f + 5*c - 1 - 0, 2*f = h*c + 16. What are the prime factors of f?
2, 7
Suppose l - 20 = -4*w - 3*l, -2*l = -6. Suppose 3*d + 92 = 6*d - 5*a, 4*d + w*a - 88 = 0. List the prime factors of d.
2, 3
Suppose -1119 = -2*f + 4453. What are the prime factors of f?
2, 7, 199
What are the prime factors of (18/(-54))/(62176/(-20724) - -3)?
11, 157
Suppose -5*f + 0*f = -490. Suppose -3*b + f + 28 = 0. What are the prime factors of b?
2, 3, 7
Let c = 877 - -464. List the prime factors of c.
3, 149
Suppose 2*f - 21 = -5*f. Suppose -2*o - 2*j + 223 - 55 = 0, 5*o - f*j - 412 = 0. What are the prime factors of o?
83
List the prime factors of (-22)/4 + 716445/122.
5867
Let i = 9 + 0. Let d(y) = y + 12. Let r be d(-6). What are the prime factors of i/6*3*r?
3
Let u = 263 - -57. What are the prime factors of u?
2, 5
Let w(z) = -4*z + 726. List the prime factors of w(34).
2, 5, 59
Suppose 0 = 5*n + 5, 4*l - 202 = 2*l + 4*n. Let j be l/12 - 2/8. List the prime factors of ((-243)/18)/((-6)/j).
2, 3
Let i(b) = 4*b**2 + b. Let w be i(1). Suppose -l - 102 = w*z, 5*l - 4*z + 285 = -225. Let y = -57 - l. List the prime factors of y.
3, 5
Let b(j) = -j**3 - 4*j**2 - j + 5. Suppose -11 - 4 = 5*s + 4*p, 3*p = 4*s + 12. Let x be b(s). What are the prime factors of ((-6)/18)/(x/42)?
2, 7
Suppose 2*c = -39 + 263. Suppose 0 = 2*h - 2*s - c, h + s + 5 = 69. List the prime factors of h.
2, 3, 5
Let o(y) be the third derivative of y**5/30 + 23*y**4/24 + 7*y**3/6 + 25*y**2. List the prime factors of o(-18).
241
What are the prime factors of ((-43771)/91)/(10/(-9) + 1)?
3, 13, 37
Let z be 2 - (-257)/17 - (-6)/(-51). Suppose 0 = -w + z + 111. What are the prime factors of w?
2
Suppose -4*x = 2*m - 5886 + 46, 4*x - 11660 = -4*m. List the prime factors of m.
2, 3, 5, 97
Let w(f) = 5*f**3 - 9*f**2 + 89*f - 27. What are the prime factors of w(7)?
2, 5, 11, 17
Let n = 43 + 185. List the prime factors of n.
2, 3, 19
Let z(l) be the first derivative of -l**3/3 - 9*l**2/2 + 6*l - 2. Let m = 4 + -9. What are the prime factors of z(m)?
2, 13
Let y be (1/(-2))/((-14)/(-28)). Let t be (y - 5)*(-6)/18. Suppose -2*r - 92 = -t*m - 0*m, -4*m = r - 179. List the prime factors of m.
3, 5
Let h = 73 - 40. Let d = h + 13. List the prime factors of d.
2, 23
Suppose 5*k = 4*n + 5, -5*k = 1 - 6. Suppose x = -5*i - 22, -3*i + n*i - 5*x = 22. Let m = 26 - i. List the prime factors of m.
2, 3, 5
Suppose z + 0 = -2, -3*f + 23 = -4*z. Suppose -f*m + 2*m = 0. Suppose m = -2*q + 24. What are the prime factors of q?
2, 3
What are the prime factors of (-44)/((-99)/(-9)) - -3399?
5, 7, 97
Let y = 528 + 55. Suppose -o + 107 = 3*g, 3*g = 5*o + 2*g - y. What are the prime factors of o?
2, 29
Let o = -565 - -1029. What are the prime factors of o?
2, 29
Suppose 3*g + 3*o + o - 40 = 0, -3*o + 85 = 5*g. Suppose -3*n + 179 = 5*y - n, -y + 31 = 2*n. Let q = y - g. What are the prime factors of q?
17
Suppose 6 = -4*j + m, -m = -3*j - 4*m + 3. Let x be j/3*105/(-7). Suppose -x*d + 20 = -d. List the prime factors of d.
5
Suppose 16*k - 1916 = 12228. List the prime factors of k.
2, 13, 17
Let y = 0 - -41. Let f = 86 - y. List the prime factors of f.
3, 5
Suppose -7*w + 30 = -26. Let v(o) = -o**3 + 7*o**2 + 13*o - 3. Let s(k) = k + 1. Let d(g) = 6*s(g) - v(g). List the prime factors of d(w).
17
Suppose 4*t - 14 - 14 = -4*w, w = 4*t - 3. Suppose t*s = 3*s + 8. Let m = 10 + s. What are the prime factors of m?
2
Let j(y) = -10*y**2 - 9*y + 19. Let n be j(3). Let x = -86 - n. What are the prime factors of x?
2, 3
Suppose 74*d = 10*d + 44032. List the prime factors of d.
2, 43
Let z(s) = -15*s**3 - 6*s. List the prime factors of z(-3).
3, 47
Suppose -129 = 4*l - 3*y, 0 = -6*y + 2*y + 12. Suppose 0 = -2*c - 22 + 2. What are the prime factors of 18/l - 176/c?
17
Suppose 137 = -2*i - 181. List the prime factors of i*(28/(-12) + 2).
53
Suppose f + 15 = 4*y, -5*f + 2*y + 5 = -2*f. Suppose 4*d - 216 = -2*g, -f*d - 3*g = -217 - 52. List the prime factors of d.
5, 11
Let p(f) = 35*f**2 + 2*f + 2. Suppose -4*t = 6 - 2. What are the prime factors of p(t)?
5, 7
Let d = -29 + 90. Suppose -5*x + 99 = -d. What are the prime factors of -1 - -2 - x/(-2)?
17
Let p be 8 - -2*(0 - 1) - 3. Suppose i + 2*u = 2*i - 17, p*i + 5*u - 73 = 0. What are the prime factors of i?
3, 7
Suppose 0 = 3*x + 9, -11*q + 6*q + 3*x = -1374. What are the prime factors of q?
3, 7, 13
Let b(t) = t + 15. Let y be b(-9). Suppose -3*v + 0 + y = 0. Suppose -v*z = -5*z + 99. What are the prime factors of z?
3, 11
List the prime factors of (-7 - -1) + 3 - -1394.
13, 107
Let a = 265 - 136. Suppose 5*m - 645 = -b, -a = -m - 0*m + 3*b. List the prime factors of m.
3, 43
Suppose 0 = -81*s + 96*s - 1275. What are the prime factors of s?
5, 17
Let r be (-30 + 2)*2/(-4). List the prime factors of 7*1/(r/180).
2, 3, 5
List the prime factors of 1/(-1 + 1414/1407).
3, 67
Let u(j) = 781*j + 575. What are the prime factors of u(4)?
3, 137
Let j be (-1032)/(-16)*(-4)/6. Let b = 110 + j. What are the prime factors of b?
67
Let n(u) be the first derivative of -u**3/3 + 4*u**2 + 4*u + 3. Let h be n(8). Suppose 3*p = z - 2*z + 39, -82 = -2*z - h*p. What are the prime factors of z?
3, 5
Let p(d) = d**2 - 8*d - 15. Let c be p(10). Let o(w) = -w**3 + 4*w**2 + 7*w - 2. List the prime factors of o(c).
2
Suppose -3*c - 453 = -1173. Suppose -w + 4*h + 33 = 0, 8*w - 3*w + 5*h - c = 0. List the prime factors of w.
3, 5
Let z be ((-10)/(-35))/((-3)/(-2478)*2). Suppose -2*m = -w + z + 101, 2*m = 0. What are the prime factors of w?
3, 73
Suppose 0 = 199*d - 198*d - 2*p - 4970, -2*d - 3*p + 9954 = 0. What are the prime factors of d?
2, 3, 829
Let c be 1/(-7)*2 + (-30)/42. List the prime factors of ((-139)/3)/(c/3).
139
Let m = 3 - 1. List the prime factors of 4 + 0 - (-71 - m).
7, 11
Suppose 0 = -5*g + 4*y + 41, 2*g + 5 - 27 = -4*y. Suppose -2*i + 21 = -g. List the prime factors of i.
3, 5
Suppose 1710 = c + 9*c. List the prime factors of c.
3, 19
Let w(p) be the second derivative of 11*p**6/360 - p**5/120 + p**4/24 - p**3/3 + 4*p. Let m(f) be the second derivative of w(f). List the prime factors of m(1).
11
Let r be (-3 + 5)*1*2. Suppose -183 = -3*a + 5*z - 37, -r*z = 3*a - 191. What are the prime factors of a?
3, 19
Suppose 3*f - 2 = 1. Suppose f - 5 = -r. Suppose 2*i + r*n - 2*n - 82 = 0, 3*n - 80 = -2*i. List the prime factors of i.
43
Let q(v) = 60*v - 39. What are the prime factors of q(8)?
3, 7
Suppose 0 = -5*k + 60 + 40. Suppose k*q = 21*q - 5. List the prime factors of q.
5
Let g(r) = -r**3 - 9*r**2 + 9*r - 10. Let h = 13 - 23. Let w be g(h). What are the prime factors of (w - (4 - 7)) + 30?
3, 11
Let b(a) = -38*a**3 + 1 - 48*a**3 + 59*a**3 - 2*a**2. List the prime factors of b(-1).
2, 13
Let w(a) = -2 + 0 - 2*a + 6*a. Suppose q - 31 = -29. What are the prime factors of w(q)?
2, 3
Let b(c) = c**3 - 12*c**2 + 14*c + 19. Let f be b(11). Suppose -244 = -5*d + 3*m + f, 4*d - 3*m = 238. What are the prime factors of d?
2, 29
Let x = -723 + 1097. What are the prime factors of x?
2, 11, 17
List the prime factors of -25*(-14)/(-35)*(-38)/4.
5, 19
Let a(w) = 7*w**3 + 5*w**2 - w - 6. Let z be a(3). Suppose -x = 3*l - 31 - z, 2*l - 182 = 5*x. List the prime factors of l.
2, 43
Let q = 437 + -408. Suppose 0 = p + 9 - 0. Let b = p + q. List the prime factors of b.
2, 5
Suppose -6 = 5*y - 8*y. List the prime factors of (y/(-5))/(2/(-85)).
17
Suppos